		{"id":9,"date":"2015-05-18T11:35:55","date_gmt":"2015-05-18T11:35:55","guid":{"rendered":"http:\/\/norus-regnskap.no\/en\/?page_id=9"},"modified":"2021-04-23T08:07:54","modified_gmt":"2021-04-23T08:07:54","slug":"home","status":"publish","type":"page","link":"https:\/\/norus-regnskap.no\/est\/","title":{"rendered":"Home"},"content":{"rendered":"<\/div><\/div><div class=\"contentbar\" style=\"\"><section class=\"contentbar-section\" style=\"background-color:#FFF7FB;\"><div class=\"container\">\n<h1 style=\"text-align: center; margin-bottom: 15px;\"><strong>Meie teenused<\/strong><\/h1>\n<p style=\"text-align: center;\">Pakume t\u00e4isteenusega raamatupidamisteenuseid vastavalt Norra seadustele. Norus Raamatupidamine on NARFi liige, mis t\u00f5endab meie ettev\u00f5tte pakutavate raamatupidamisteenuste kvaliteeti ja nende vastavust Norra standarditele.<\/p>\n<\/div><\/section><\/div><div class=\"container\"><div class=\"content\">\n<\/div><\/div><div class=\"contentbar\" style=\"\"><section class=\"contentbar-section\" style=\"\"><img decoding=\"async\" src=\"\/en\/wp-content\/uploads\/sites\/5\/2015\/05\/our-services-bg-w2400-h1718.jpg\" alt=\"\" class=\"contentbar-img\"><div class=\"container\">\n<div class=\"siservice-block \" style=\"width:50%;\" ><div class=\"sis-icon\"  style=\"border:2px solid #d20e1c; color:#d20e1c;\"><i class=\"fa-check-square-o\"><\/i><\/div><div class=\"siservice-content\" >\n<h2>Raamatupidamisteenused<\/h2>\n<p>T\u00e4isteenusega raamatupidamisteenused v\u00e4ikestele ja keskmise suurusega ettev\u00f5tetele &#8211; ettev\u00f5tte registreerimine, raamatupidamisaruanded, finantsplaneerimine ja konsultatsioonid. Teenuste kogu spekter v\u00f5imaldab teil keskenduda ettev\u00f5tte p\u00f5hitegevusele ja kasumile.<\/p>\n<a href=\"https:\/\/norus-regnskap.no\/est\/raamatupidamisteenused\/\" class=\"gw-btn gwb-red\" title=\"Veel\">Veel<i class=\"fa-arrow-circle-right\"><\/i><\/a>\n<\/div><div class=\"siservice-bottom-line \"><\/div><\/div>\n<div class=\"siservice-block \" style=\"width:50%;\" ><div class=\"sis-icon\"  style=\"border:2px solid #d20e1c; color:#d20e1c;\"><i class=\"fa-check-square-o\"><\/i><\/div><div class=\"siservice-content\" >\n<h2>Raamatupidamisteenused v\u00e4lisettev\u00f5tetele<\/h2>\n<p>Aitame v\u00e4lisettev\u00f5tetel Norras majandustegevust alustada ja l\u00e4bi viia. Meie kogenud rahvusvahelised raamatupidajad r\u00e4\u00e4givad mitut keelt. Registreerime ettev\u00f5tte, osutame t\u00e4isteenust pakkuvaid raamatupidamisteenuseid.<\/p>\n<a href=\"https:\/\/norus-regnskap.no\/est\/valisettevote\/\" class=\"gw-btn gwb-red\" title=\"Veel\">Veel<i class=\"fa-arrow-circle-right\"><\/i><\/a>\n<\/div><div class=\"siservice-bottom-line \"><\/div><\/div>\n<hr class=\"gw-divider clearboth\" \/>\n<div class=\"siservice-block \" style=\"width:50%;\" ><div class=\"sis-icon\"  style=\"border:2px solid #d20e1c; color:#d20e1c;\"><i class=\"fa-check-square-o\"><\/i><\/div><div class=\"siservice-content\" >\n<h2>Konsultatsioonid<\/h2>\n<p>S\u00f5ltumata sellest, kas kasutate meie raamatupidaja teenuseid v\u00f5i palkate raamatupidaja mujalt, v\u00f5ite alati saada konsultatsiooni meie spetsialistidelt. See v\u00f5ib anda uue \u00fclevaate ja uue lahenduse.<\/p>\n<a href=\"https:\/\/norus-regnskap.no\/est\/raamatupidamisteenused\/\" class=\"gw-btn gwb-red\" title=\"Veel\">Veel<i class=\"fa-arrow-circle-right\"><\/i><\/a>\n<\/div><div class=\"siservice-bottom-line \"><\/div><\/div>\n<div class=\"siservice-block \" style=\"width:50%;\" ><div class=\"sis-icon\"  style=\"border:2px solid #d20e1c; color:#d20e1c;\"><i class=\"fa-check-square-o\"><\/i><\/div><div class=\"siservice-content\" >\n<h2>Tuludeklaratsioon &#8211; eraisikutele<\/h2>\n<p>Iga\u00fcks oma ameti juurde. Meie raamatupidajad tunnevad end numbrite, t\u0161ekkide ja aruannete seas \u00fcsna koduselt. Seet\u00f5ttu aitavad nad hea meelega koostada eraisiku tuludeklaratsiooni, et saaksite nautida meeldivamaid tegevusi kui nende vormide t\u00e4itmine.<\/p>\n<a href=\"https:\/\/norus-regnskap.no\/est\/raamatupidamisteenused\/\" class=\"gw-btn gwb-red\" title=\"Veel\">Veel<i class=\"fa-arrow-circle-right\"><\/i><\/a>\n<\/div><div class=\"siservice-bottom-line \"><\/div><\/div>\n<hr class=\"gw-divider clearboth\" \/>\n<\/div><\/section><\/div><div class=\"container\"><div class=\"content\">\n<\/div><\/div><div class=\"contentbar\" style=\"\"><section class=\"contentbar-section\" style=\"background-color:#f8f8f8;\"><div class=\"container\">\n<h2 style=\"text-align: center;\"><strong>Miks sulle meeldib meiega koost\u00f6\u00f6d teha?<\/strong><\/h2>\n<hr class=\"gw-divider clearboth\" \/>\n<div class='content-column one_third'><div class=\"liservice-block\"><div class=\"lis-icon\"><i class=\"fa-sort-alpha-asc\" ><\/i><\/div><div class=\"liservice-content\">\n<h3>T\u00e4isteenusega raamatupidamine<\/h3>\n<p>Pakume t\u00e4isteenust pakkuvaid raamatupidamisteenuseid &#8211; alates ettev\u00f5tte asutamisest, teenindamise j\u00e4tkamisest ja teie ettev\u00f5tte teenitud miljonite kajastamisest finantsaruannetes.<br \/>\n<\/div><\/div><\/div>\n<div class='content-column one_third'><div class=\"liservice-block\"><div class=\"lis-icon\"><i class=\"fa-star\" ><\/i><\/div><div class=\"liservice-content\">\n<h3>Kvaliteet ja t\u00e4psus<\/h3>\n<p>Oleme NARFi liikmed, mis tagab raamatupidamisteenuste kvaliteedi vastavuse Norra standarditele.<\/div><\/div><\/div>\n<div class='content-column one_third last_column'><div class=\"liservice-block\"><div class=\"lis-icon\"><i class=\"fa-lightbulb-o\" ><\/i><\/div><div class=\"liservice-content\">\n<h3>Asjatundlikud raamatupidajad<\/h3>\n<p>Meie raamatupidajad hoiavad k\u00f5igi \u00f5igusaktide muudatuste osas alati silma peal ja teavitavad teid neist \u00f5igeaegselt, kui need m\u00f5jutavad teie ettev\u00f5tte tegevust.<\/div><\/div><\/div><div class='clear_column'><\/div>\n<div class='content-column one_third'><div class=\"liservice-block\"><div class=\"lis-icon\"><i class=\"fa-money\" ><\/i><\/div><div class=\"liservice-content\">\n<h3>Soodne makses\u00fcsteem<\/h3>\n<p>Arvestame individuaalselt ja lepime kokku makses\u00fcsteemi, mis on meie klientidele k\u00f5ige sobivam.<\/div><\/div><\/div>\n<div class='content-column one_third'><div class=\"liservice-block\"><div class=\"lis-icon\"><i class=\"fa-globe\" ><\/i><\/div><div class=\"liservice-content\">\n<h3>Kogemused rahvusvaheliste ettev\u00f5tetega t\u00f6\u00f6tamisel<\/h3>\n<p>Meie raamatupidajatel on laialdased teadmised rahvusvahelisest finantsvoost ja raamatupidamise erip\u00e4radest.<\/div><\/div><\/div>\n<div class='content-column one_third last_column'><div class=\"liservice-block\"><div class=\"lis-icon\"><i class=\"fa-flag\" ><\/i><\/div><div class=\"liservice-content\">\n<h3>Mitmekeelne suhtlus<\/h3>\n<p>Paljud v\u00e4lisfirmad valivad meid oma koost\u00f6\u00f6partneriteks, sest meie t\u00f6\u00f6tajad r\u00e4\u00e4givad norra, inglise ja vene keelt.<\/div><\/div><\/div><div class='clear_column'><\/div>\n<\/div><\/section><\/div><div class=\"container\"><div class=\"content\">\n<h2 style=\"text-align: center; margin-top: 25px;\"><strong>Rahulolevad kliendid<\/strong><\/h2>\nNo shortcode ID found\n<p style=\"text-align: right;\"><a href=\"https:\/\/norus-regnskap.no\/est\/viited\/\" class=\"gw-btn gwb-red\" title=\"Rohkem viiteid\">Rohkem viiteid<i class=\"fa-arrow-circle-right\"><\/i><\/a>\n<h2 style=\"text-align: center;\">K\u00fcsimusi?<\/h2>\n<div class=\"clearboth\"><\/div><section class=\"cta\" style=\"border:1px solid #e4e4e4;background:#FFEDED;\">\n<p style=\"text-align: center;\"><strong>K\u00fcsimustele vastamiseks v\u00f5ite meile helistada v\u00f5i kirjutada. Meie raamatupidajad aitavad teid hea meelega.<\/strong> <a href=\"https:\/\/norus-regnskap.no\/est\/vota-uhendust\/\" class=\"gw-btn gwb-red\" title=\"Kontakt\">V\u00f5ta \u00fchendust<i class=\"fa-arrow-circle-right\"><\/i><\/a>\n<\/section>\n","protected":false},"excerpt":{"rendered":"<p>Rahulolevad kliendid K\u00fcsimusi?<\/p>\n","protected":false},"author":1,"featured_media":0,"parent":0,"menu_order":0,"comment_status":"closed","ping_status":"closed","template":"template-homepage.php","meta":{"_mi_skip_tracking":false,"_monsterinsights_sitenote_active":false,"_monsterinsights_sitenote_note":"","_monsterinsights_sitenote_category":0,"footnotes":""},"_links":{"self":[{"href":"https:\/\/norus-regnskap.no\/est\/wp-json\/wp\/v2\/pages\/9"}],"collection":[{"href":"https:\/\/norus-regnskap.no\/est\/wp-json\/wp\/v2\/pages"}],"about":[{"href":"https:\/\/norus-regnskap.no\/est\/wp-json\/wp\/v2\/types\/page"}],"author":[{"embeddable":true,"href":"https:\/\/norus-regnskap.no\/est\/wp-json\/wp\/v2\/users\/1"}],"replies":[{"embeddable":true,"href":"https:\/\/norus-regnskap.no\/est\/wp-json\/wp\/v2\/comments?post=9"}],"version-history":[{"count":19,"href":"https:\/\/norus-regnskap.no\/est\/wp-json\/wp\/v2\/pages\/9\/revisions"}],"predecessor-version":[{"id":418,"href":"https:\/\/norus-regnskap.no\/est\/wp-json\/wp\/v2\/pages\/9\/revisions\/418"}],"wp:attachment":[{"href":"https:\/\/norus-regnskap.no\/est\/wp-json\/wp\/v2\/media?parent=9"}],"curies":[{"name":"wp","href":"https:\/\/api.w.org\/{rel}","templated":true}]}}