		{"id":12,"date":"2015-05-18T12:03:43","date_gmt":"2015-05-18T12:03:43","guid":{"rendered":"http:\/\/norus-regnskap.no\/en\/?page_id=12"},"modified":"2021-04-23T08:09:09","modified_gmt":"2021-04-23T08:09:09","slug":"raamatupidamisteenused","status":"publish","type":"page","link":"https:\/\/norus-regnskap.no\/est\/raamatupidamisteenused\/","title":{"rendered":"Raamatupidamisteenused"},"content":{"rendered":"<p><img loading=\"lazy\" decoding=\"async\" class=\"alignright wp-image-248 size-full\" title=\"Accounting services\" src=\"\/en\/wp-content\/uploads\/sites\/5\/2015\/05\/accounting-services-w600px.jpg\" alt=\"Accounting services\" width=\"600\" height=\"400\" \/><strong>Pakume Norra v\u00e4ikestele ja keskmise suurusega ettev\u00f5tetele t\u00e4isteenust pakkuvaid raamatupidamisteenuseid.<\/strong><\/p>\n<p><strong>Meie raamatupidamisteenused<\/strong><\/p>\n<ul>\n<li>Raamatupidamisteenused A-st Z-ni;<\/li>\n<li>Ettev\u00f5tte registreerimine;<\/li>\n<li>Maksun\u00f5ustamisteenused;<\/li>\n<li>Eelarve koostamine;<\/li>\n<li>Arved, meeldetuletused ja v\u00f5lgade sissen\u00f5udmine;<\/li>\n<li>Ettev\u00f5tte tuludeklaratsioon;<\/li>\n<li>Raamatupidamise aastaaruanne;<\/li>\n<\/ul>\n<h2 style=\"color: #bd0f0c;\">Raamatupidamisteenused A-st Z-ni<\/h2>\n<p>Pakume t\u00e4isteenusega raamatupidamisteenuseid vastavalt Norra seadustele. Norus Raamatupidamine on NARFi liige, mis t\u00f5endab meie ettev\u00f5tte pakutavate raamatupidamisteenuste kvaliteeti ja nende vastavust Norra standarditele.<\/p>\n<p>Teostame k\u00f5iki teie ettev\u00f5tte p\u00f5hitoimingutega seotud raamatupidamisteenuseid &#8211; makstavate maksude arvutamist, k\u00e4ibedeklaratsiooni koostamist, t\u00f6\u00f6tajate t\u00f6\u00f6tasude arvutamist, k\u00f5iki saabuvaid ja v\u00e4ljaminevaid arveid, saatelehtede postitamist.<\/p>\n<p>Meie meeskonda kuuluvad volitatud raamatupidajad, kellel on kogemusi raamatupidamisteenuste osutamisel Norras erinevate valdkondade ettev\u00f5tetele, samuti rahvusvahelistele ettev\u00f5tetele ja rahvusvaheliste ettev\u00f5tete filiaalidele Norras.<\/p>\n<p><strong>Lisaks p\u00f5hilistele raamatupidamisteenustele pakume teenuseid, mis v\u00f5ivad s\u00e4\u00e4sta teie aega ja h\u00f5lbustada teie ettev\u00f5tte finantsaruandlust.<\/strong><\/p>\n<h2 style=\"color: #bd0f0c;\">Ettev\u00f5tte registreerimine<\/h2>\n<p>N\u00f5ustame teie ettev\u00f5tet k\u00f5ige sobivamas vormis vastavalt kavandatud \u00e4rispetsiifikale, k\u00e4ibele ja teenuste t\u00fc\u00fcbile. Koostame k\u00f5ik vajalikud dokumendid ja aitame teie uue ettev\u00f5tte registreerida.<\/p>\n<p><strong>Me registreerime k\u00f5iki t\u00fc\u00fcpi ettev\u00f5tteid<\/strong><\/p>\n<ul>\n<li>F\u00fc\u00fcsilisest isikust ettev\u00f5tja;<\/li>\n<li>Osa\u00fching (AS);<\/li>\n<li>Aktsiaselts (ASA);<\/li>\n<li>V\u00e4lisettev\u00f5tte Norra filiaal (NUF).<\/li>\n<\/ul>\n<div class=\"iconbox\" style=\"background:#FFEDED;color:#000000;\">\n<p style=\"text-align: center;\"><strong>Oleme spetsialiseerunud ka raamatupidamisteenuste osutamisele v\u00e4lismaistele ettev\u00f5tetele, kes soovivad alustada v\u00f5i on juba alustanud oma tegevust Norras.<\/strong> <a href=\"https:\/\/norus-regnskap.no\/est\/valisettevote\/\" class=\"gw-btn gwb-red\" title=\"Vaata lisaks\">Vaata lisaks<i class=\"fa-arrow-circle-right\"><\/i><\/a>\n<\/div>\n<h2 style=\"color: #bd0f0c;\">Maksun\u00f5ustamisteenused<\/h2>\n<p>Pakume konsultatsioone raamatupidamise ja ettev\u00f5tte tulumaksu k\u00fcsimustes &#8211; maksude optimeerimises ning maksumaksete voo reguleerimises.<\/p>\n<p>Aitame koostada maksudeklaratsioone vastavalt kasumiaruande 1 ja kasumiaruande 2 n\u00f5uetele ning need \u00f5igeaegselt esitada. Aitame ettev\u00f5tte makse optimeerida ja vastavalt teie ettev\u00f5tte spetsiifikale maksukava koostada, mis on eriti oluline kaubandusettev\u00f5tete ning rahvusvaheliste partnerite, klientide ja tarnijatega ettev\u00f5tete jaoks.<\/p>\n<p>Meie kliendid v\u00f5ivad meiega igal ajal \u00fchendust v\u00f5tta, et saada vastuseid oma k\u00fcsimustele v\u00f5i broneerida kohtumine strateegilisteks konsultatsioonideks.<\/p>\n<h2 style=\"color: #bd0f0c;\">Eelarvestamine<\/h2>\n<p>Aitame planeerida ettev\u00f5tte eelarvet ja rahavoogusid, mis vastavad teie ettev\u00f5tte erip\u00e4radele, hooajalisusele, eesm\u00e4rkidele ja nii edasi.<\/p>\n<p>Professionaalne eelarve planeerimine v\u00f5imaldab teil kontrollida ettev\u00f5tte finantstulemusi, tulemuslikkust ja seatud eesm\u00e4rkide saavutamist.<\/p>\n<h2 style=\"color: #bd0f0c;\">Arved, meeldetuletused ja v\u00f5lgade sissen\u00f5udmine<\/h2>\n<p><img loading=\"lazy\" decoding=\"async\" class=\"alignright wp-image-275 size-full\" title=\"Budgeting\" src=\"\/en\/wp-content\/uploads\/sites\/5\/2015\/05\/budgeting-w600x400px.jpg\" alt=\"Budgeting\" width=\"600\" height=\"400\" \/><br \/>\nMe v\u00e4ljastame arveid ja saadame adressaatidele vastavalt teie vajadustele &#8211; posti v\u00f5i e-posti teel. Lisaks saame j\u00e4lgida kliendi arvete \u00f5igeaegset tasumist. V\u00f5tame \u00fchendust klientidega ja tuletame neile vajadusel meelde arvete tasumist.<\/p>\n<p>N\u00e4iteks tagame igal kuul eralasteaia arve koostamise ja saatmise &#8211; arvutame v\u00e4lja iga arve summa; valmistame ette, saadame ja kontrollime makse olekut.<\/p>\n<h2 style=\"color: #bd0f0c;\">Ettev\u00f5tte tuludeklaratsioon<\/h2>\n<p>Aitame koostada eraisikute iga-aastaseid maksudeklaratsioone esitamiseks maksuametisse (skatteetaten) &#8211; ettev\u00f5tte nimi. K\u00f5ik, mida peate tegema, on aasta jooksul k\u00f5ik vastavad t\u0161ekid hoolikalt kokku koguma, et need meie spetsialistile \u00fcle anda. Tema t\u00e4idab teie asemel maksudeklaratsiooni. S\u00e4\u00e4state oma aega, ning v\u00e4ldite ebameeldivaid situatsioone, mis v\u00f5ivad tekkida kui esitate puuduliku v\u00f5i valesti t\u00e4idetud deklaratsiooni.<\/p>\n<h2 style=\"color: #bd0f0c;\">Raamatupidamise aastaaruanne<\/h2>\n<p>Vastavalt Norra seadustele lisame aastaaruande koostamisel tegevusaruande, majandustulemuse n\u00e4itajad, ettev\u00f5tte struktuuri, \u00fcldise \u00e4rikirjelduse, positsiooni turul, finantsseisundi, kasumi ja kahjumi ning rahavoo.<\/p>\n<p>Koostame aastaaruande igat liiki ettev\u00f5tetele &#8211; f\u00fc\u00fcsilisest isikust ettev\u00f5tja, osa\u00fching (AS), aktsiaselts (ASA) ja v\u00e4lismaa ettev\u00f5tte Norra filiaal (NUF).<\/p>\n<p>Meie volitatud raamatupidajatel on teadmised ja kogemused aastaaruannete koostamisel ettev\u00f5tetele, kes tegutsevad erinevates valdkondades ja millel on erinev \u00e4rispetsiifika.<\/p>\n<p>Samuti, kui teie ettev\u00f5tte raamatupidamist teeb teine ettev\u00f5te v\u00f5i isik, saate oma aastaaruande koostamise tellida Norus Accounting&#8217;ilt.<\/p>\n<h2 style=\"color: #bd0f0c;\">\u00c5rsoppgj\u00f8r<\/h2>\n<p>I samsvar med det norske regelverket ved utarbeidelse av \u00e5rsoppgj\u00f8r inkluderer vi ledelsesbrevet, en generell beskrivelse av virksomheten, informasjon om finansielle prestasjonsm\u00e5l, organisasjonsstruktur, markedsposisjon, finansiell stilling, resultatregnskap og kontantstr\u00f8m.<\/p>\n<p><strong>Vi utarbeider \u00e5rsoppgj\u00f8r til alle type foretak:<\/strong><\/p>\n<ul>\n<li>Enkeltpersonforetak;<\/li>\n<li>Aksjeselskap (AS);<\/li>\n<li>Allmennaksjeselskap (ASA);<\/li>\n<li>Norskregistrert utenlandsk foretak (NUF).<\/li>\n<\/ul>\n<p>V\u00e5re regnskapsf\u00f8rere har kunnskap og erfaring med utarbeidelse av \u00e5rsoppgj\u00f8r fra forskjellige typer selskaper med ulike selskapsformer, og som driver i ulike bransjer.<\/p>\n<p>Selv om ditt foretaks regnskap blir f\u00f8rt av et annet selskap eller person, kan du bestille utarbeidelse av \u00e5rsoppgj\u00f8r fra Norus Regnskapsbyr\u00e5.<\/p>\n<div class=\"clearboth\"><\/div><section class=\"cta\" style=\"border:1px solid #e4e4e4;background:#FFEDED;\">\n<p style=\"text-align: center;\"><strong>Lisateave k\u00f5igi meie pakutavate raamatupidamisteenuste kohta.<\/strong> <a href=\"https:\/\/norus-regnskap.no\/est\/vota-uhendust\/\" class=\"gw-btn gwb-red\" title=\"Kontakteeru meiega\">Kontakteeru meiega<i class=\"fa-arrow-circle-right\"><\/i><\/a>\n<\/section>\n","protected":false},"excerpt":{"rendered":"<p>Pakume Norra v\u00e4ikestele ja keskmise suurusega ettev\u00f5tetele t\u00e4isteenust pakkuvaid raamatupidamisteenuseid. Meie raamatupidamisteenused Raamatupidamisteenused A-st Z-ni; Ettev\u00f5tte registreerimine; Maksun\u00f5ustamisteenused; Eelarve koostamine; Arved, meeldetuletused ja v\u00f5lgade sissen\u00f5udmine; Ettev\u00f5tte tuludeklaratsioon; Raamatupidamise aastaaruanne; Raamatupidamisteenused A-st Z-ni Pakume t\u00e4isteenusega raamatupidamisteenuseid vastavalt Norra seadustele. Norus Raamatupidamine on NARFi liige, mis t\u00f5endab meie ettev\u00f5tte pakutavate raamatupidamisteenuste kvaliteeti ja nende vastavust Norra standarditele. [&hellip;]<\/p>\n","protected":false},"author":1,"featured_media":0,"parent":0,"menu_order":0,"comment_status":"closed","ping_status":"closed","template":"template-fullwidth.php","meta":{"_mi_skip_tracking":false,"_monsterinsights_sitenote_active":false,"_monsterinsights_sitenote_note":"","_monsterinsights_sitenote_category":0,"footnotes":""},"_links":{"self":[{"href":"https:\/\/norus-regnskap.no\/est\/wp-json\/wp\/v2\/pages\/12"}],"collection":[{"href":"https:\/\/norus-regnskap.no\/est\/wp-json\/wp\/v2\/pages"}],"about":[{"href":"https:\/\/norus-regnskap.no\/est\/wp-json\/wp\/v2\/types\/page"}],"author":[{"embeddable":true,"href":"https:\/\/norus-regnskap.no\/est\/wp-json\/wp\/v2\/users\/1"}],"replies":[{"embeddable":true,"href":"https:\/\/norus-regnskap.no\/est\/wp-json\/wp\/v2\/comments?post=12"}],"version-history":[{"count":12,"href":"https:\/\/norus-regnskap.no\/est\/wp-json\/wp\/v2\/pages\/12\/revisions"}],"predecessor-version":[{"id":420,"href":"https:\/\/norus-regnskap.no\/est\/wp-json\/wp\/v2\/pages\/12\/revisions\/420"}],"wp:attachment":[{"href":"https:\/\/norus-regnskap.no\/est\/wp-json\/wp\/v2\/media?parent=12"}],"curies":[{"name":"wp","href":"https:\/\/api.w.org\/{rel}","templated":true}]}}